 factor of 2332 and 44?
44
What is the greatest common divisor of 161 and 713?
23
What is the highest common divisor of 47 and 423?
47
What is the highest common divisor of 425 and 325?
25
Calculate the highest common divisor of 133 and 171.
19
What is the greatest common factor of 1168 and 73?
73
What is the highest common factor of 1764 and 252?
252
Calculate the highest common factor of 4371 and 141.
141
What is the greatest common divisor of 50 and 750?
50
Calculate the greatest common divisor of 57 and 11267.
19
Calculate the greatest common factor of 276 and 36.
12
What is the highest common factor of 7 and 336?
7
Calculate the greatest common divisor of 6654 and 12.
6
What is the greatest common factor of 583 and 106?
53
What is the greatest common divisor of 45 and 243?
9
What is the highest common divisor of 33 and 1738?
11
What is the greatest common factor of 2943 and 1526?
109
Calculate the greatest common factor of 61 and 183.
61
What is the highest common divisor of 736 and 6854?
46
Calculate the greatest common divisor of 923 and 71.
71
Calculate the highest common factor of 270 and 390.
30
Calculate the highest common factor of 1045 and 1881.
209
Calculate the greatest common factor of 8265 and 15.
15
Calculate the highest common factor of 26 and 2.
2
Calculate the highest common divisor of 65 and 143.
13
Calculate the highest common factor of 427 and 7.
7
Calculate the highest common divisor of 306 and 36.
18
What is the highest common factor of 70 and 126?
14
What is the greatest common divisor of 42 and 36?
6
Calculate the greatest common divisor of 2 and 218.
2
Calculate the highest common factor of 196 and 49.
49
What is the highest common divisor of 32 and 98848?
32
Calculate the greatest common factor of 3375 and 81.
27
What is the highest common factor of 412 and 103?
103
What is the greatest common factor of 3 and 669?
3
Calculate the highest common factor of 44 and 1397.
11
Calculate the highest common divisor of 308 and 84.
28
Calculate the greatest common factor of 7425 and 135.
135
What is the highest common factor of 45 and 14655?
15
What is the highest common factor of 5748 and 24?
12
What is the greatest common factor of 33 and 54?
3
Calculate the greatest common divisor of 6731 and 106.
53
What is the greatest common factor of 280 and 7?
7
What is the greatest common divisor of 16 and 12592?
16
What is the highest common divisor of 612 and 2988?
36
What is the greatest common factor of 1664 and 36?
4
Calculate the greatest common factor of 4769 and 1506.
251
Calculate the highest common factor of 12 and 1788.
12
Calculate the greatest common factor of 15 and 2.
1
Calculate the highest common divisor of 637 and 735.
49
What is the highest common divisor of 924 and 352?
44
What is the highest common divisor of 180 and 2115?
45
Calculate the highest common factor of 2240 and 35.
35
Calculate the greatest common divisor of 90 and 252.
18
Calculate the greatest common factor of 108 and 684.
36
Calculate the greatest common divisor of 31 and 4247.
31
What is the highest common divisor of 196 and 56?
28
What is the greatest common factor of 307 and 3?
1
What is the greatest common factor of 4 and 254?
2
Calculate the highest common factor of 7276 and 204.
68
Calculate the highest common factor of 1 and 37.
1
What is the highest common divisor of 35 and 150535?
35
What is the greatest common factor of 42 and 434?
14
What is the greatest common divisor of 80 and 2560?
80
What is the greatest common divisor of 741 and 171?
57
What is the greatest common factor of 1575 and 63?
63
Calculate the greatest common factor of 1880 and 80.
40
What is the highest common divisor of 172 and 215?
43
What is the greatest common divisor of 117 and 1703?
13
Calculate the greatest common factor of 48 and 1744.
16
Calculate the greatest common factor of 144 and 1536.
48
What is the highest common factor of 2240 and 120?
40
Calculate the highest common divisor of 30 and 495.
15
Calculate the greatest common divisor of 13 and 4121.
13
What is the highest common factor of 655 and 131?
131
Calculate the greatest common divisor of 71556 and 268.
268
What is the highest common factor of 20376 and 216?
72
Calculate the greatest common divisor of 28 and 819.
7
What is the greatest common factor of 12 and 492?
12
Calculate the greatest common divisor of 845 and 52.
13
Calculate the highest common divisor of 2 and 86.
2
What is the greatest common divisor of 175 and 2065?
35
Calculate the greatest common factor of 31 and 1333.
31
Calculate the highest common divisor of 43431 and 93.
93
What is the greatest common divisor of 646 and 2142?
34
What is the greatest common factor of 1053 and 26?
13
What is the greatest common factor of 208 and 260?
52
Calculate the highest common divisor of 75 and 225.
75
What is the greatest common factor of 268 and 67?
67
Calculate the greatest common divisor of 3 and 501.
3
What is the greatest common divisor of 26 and 234?
26
Calculate the highest common divisor of 2015 and 5.
5
What is the highest common divisor of 73 and 2993?
73
Calculate the highest common divisor of 15 and 1875.
15
Calculate the highest common factor of 1421 and 145.
29
What is the greatest common divisor of 20 and 540?
20
Calculate the highest common factor of 608 and 209.
19
What is the highest common divisor of 364 and 52?
52
Calculate the greatest common divisor of 74 and 3182.
74
Calculate the highest common divisor of 1444 and 16.
4
What is the greatest common divisor of 104 and 364?
52
Calculate the highest common factor of 296 and 703.
37
Calculate the greatest common factor of 168 and 399.
21
Calculate the highest common factor of 172 and 4.
4
Calculate the highest common divisor of 155 and 10.
5
Calculate the highest common divisor of 1323 and 588.
147
Calculate the highest common factor of 5 and 395.
5
What is the greatest common divisor of 172 and 602?
86
Calculate the greatest common factor of 65060 and 20.
20
What is the highest common divisor of 8 and 2624?
8
What is the greatest common divisor of 820 and 20?
20
Calculate the greatest common divisor of 88 and 96.
8
What is the greatest common divisor of 252 and 224?
28
Calculate the greatest common divisor of 18037 and 34.
17
Calculate the greatest common factor of 703 and 57.
19
What is the highest common divisor of 231 and 1716?
33
What is the greatest common divisor of 51 and 3?
3
Calculate the greatest common divisor of 10548 and 36.
36
Calculate the highest common factor of 8 and 56.
8
What is the greatest common factor of 16672 and 128?
32
Calculate the highest common factor of 289 and 323.
17
Calculate the greatest common divisor of 3332 and 272.
68
What is the greatest common divisor of 405 and 219?
3
What is the highest common factor of 1859 and 55?
11
What is the highest common factor of 1235 and 3952?
247
Calculate the greatest common factor of 15176 and 8.
8
What is the highest common factor of 22 and 3641?
11
What is the greatest common factor of 11259 and 216?
27
What is the highest common factor of 46129 and 283?
283
Calculate the greatest common divisor of 4 and 12604.
4
Calculate the highest common divisor of 364 and 3556.
28
Calculate the greatest common factor of 4186 and 2898.
322
What is the greatest common divisor of 111 and 7141?
37
What is the highest common factor of 192 and 1056?
96
Calculate the highest common divisor of 2090 and 990.
110
What is the highest common factor of 8 and 184?
8
What is the greatest common factor of 11 and 275?
11
Calculate the greatest common divisor of 11511 and 9.
9
What is the greatest common factor of 348 and 96?
12
Calculate the highest common factor of 112 and 2736.
16
What is the greatest common divisor of 35 and 43680?
35
Calculate the greatest common factor of 65 and 247.
13
Calculate the highest common divisor of 102 and 11271.
51
Calculate the greatest common factor of 21 and 1211.
7
What is the highest common factor of 276 and 12?
12
What is the highest common divisor of 338 and 52?
26
Calculate the highest common divisor of 130 and 234.
26
Calculate the greatest common factor of 195 and 6305.
65
What is the greatest common divisor of 65 and 338?
13
What is the greatest common divisor of 38 and 114?
38
Calcula